3
What is the value of -80 + 90 - (0 - 0 - 0 - 2)?
12
What is (-27 - -26 - -10) + (1 - 23)?
-13
-6 + (4 - (3 - -1) - (1 + -4))
-3
Calculate (3 - -3 - (-12 + 23)) + -4 + 18.
9
What is the value of 28 + (-19 - (-9 + -4)) - -3?
25
-26 - ((24 - 35) + (-1 + 8 - 4))
-18
What is the value of -13 - -3 - (205 - 240)?
25
(19 + -10 - (5 + -1)) + 0 + -4
1
What is the value of -2 + (-4 - -2) + -1 + (641 - 638)?
-2
9 + 1 - (5 - 6)
11
What is (580 - 551) + (-28 - 0)?
1
What is (-1 - (-12 + 18)) + (1 - -6) - -14?
14
What is -3 + 1 + 45 + -50 - -17?
10
What is (2 - 7) + 1 + (-26 - -23) + -5?
-12
What is -13 - ((20 + -3 - (13 + -5)) + -5)?
-17
Calculate (7 - 1 - (1 + 1)) + (48 - 40).
12
-18 + (2 - 2) + -20 + (2 - -7)
-29
Evaluate 10 - -1 - (25 + 18 + -27) - -7.
2
-40 + 42 - (2 + 7)
-7
Calculate 1 + 12 - 10 - (1 - -3).
-1
What is the value of -1 + -12 - (685 + -688)?
-10
What is (-1 - 1) + 4 + 17 + 457 + -459?
17
What is the value of -2 - (26 + -10) - -7?
-11
What is the value of 3 - (4 + -12 - 13)?
24
What is the value of -15 + -5 + 4 + (-4 - (7 - 20))?
-7
Calculate (-39 - -24) + 4 + 33 + 3.
25
-19 + (1 - -24 - 24)
-18
What is -27 + (5 - 12 - -3) + 25 + -27?
-33
Evaluate 0 + -4 + (-14 - (-43 - -18)) + 16.
23
What is -2 + -5 - (-217 + 249 - (2 + 13))?
-24
What is the value of (4 - -5) + 2 + (-6 - 6) + 6?
5
34 + -7 - (4 + 2)
21
What is the value of 1 + 1 - 1 - (-17 + (16 - 5))?
7
What is 205 - 215 - (-16 + -1)?
7
Evaluate -52 + (34 - -16) - (16 + 1).
-19
What is 10 + (5 + -5 - 16)?
-6
What is the value of 13 + -21 + 22 - 11?
3
What is -34 + 5 + (-22 - -32)?
-19
1 - (3 + 0) - 0 - -7
5
19 + (1 - 11 - -2) + 521 + -505
27
Calculate -7 + -8 + 9 + 6 + -16 + 12.
-4
Evaluate 17 + (42 - (116 + -41)).
-16
What is the value of -14 - (-3 - (4 - 2 - 2))?
-11
-1 + -5 + 3 + 1 + -109 + 104
-7
What is the value of (-2 + 1 - (17 + -15) - 5) + 23?
15
What is the value of 3 - (0 + (2 + -11 - -12))?
0
Calculate 3 + -12 + 1 + -22 - -5.
-25
Evaluate -14 + (-2 + 5 - 1).
-12
-1 + 2 - -8 - (-398 - -401)
6
What is the value of 7 + -2 + -15 + (-13 - -7)?
-16
-8 + (-3 - (-52 - -40 - (-1 - 3)))
-3
What is -1 - -8 - (-12 + (-19 - -14) + 10)?
14
What is the value of 5 - (7 - (10 + -19))?
-11
Evaluate -2 + 18 + -12 + 24 + -9.
19
Calculate -11 + 0 + (567 + -594 - (-1 - 60)).
23
What is 3 + (31 + -11 - -9 - 3) + 1?
30
((1 - 2) + -1 - -4) + 5
7
What is 3 + (15 - 24) + 8?
2
(13 - (47 - 11)) + 9 - -12
-2
233 + -199 - (-3 + 22)
15
(1 + 0 + -1 - -7) + 1206 + -1205
8
What is -101 + 97 - (-1 - (13 - 1))?
9
Calculate 3 + (-1 - 1) + (6 - 30) + 28.
5
What is the value of 432 + -407 + -5 + 0?
20
What is the value of 3 + 13 - (62 + -31)?
-15
Calculate -4 - (-6 + 3 + 11 + -9) - -5.
2
What is the value of 5 - -29 - 37 - (1 + -2)?
-2
(3 - (-4 + 2 - 19)) + -24 + 29
29
What is 43 + (-31 + 15 - -6)?
33
What is the value of (-1 + (-9 - 11) - 2) + (7 - 1)?
-17
Calculate 18 + 6 + (-9 - (3 + -8 - 4)).
24
What is the value of (-31 - -34) + 7 + -1 - (41 + -26)?
-6
43 - 47 - (5 + -1 + -1) - -15
8
What is the value of -29 - (-10 - (-29 - -24))?
-24
What is 76 - 37 - (15 - 0)?
24
Evaluate 10 - (36 + -9 + -13).
-4
What is the value of (0 - -1) + -39 + (57 - 11)?
8
What is -1 - (-8 + -20 - -14)?
13
What is -22 + (24 - 2) + (1 - -5)?
6
Evaluate -5 + 6 + -9 + 8 + -8.
-8
What is (-22 + 29 - 1) + -17?
-11
Evaluate (-185 - -184) + (-2 - 2).
-5
What is the value of 32 + -28 + 3 + -8 + -4 + 3?
-2
What is the value of (0 - 3) + 11 + -19 + -6?
-17
What is -1 + -4 - (0 - (9 - 14) - 12)?
2
What is the value of (14 - (9 + 0)) + 15?
20
What is 11 + -16 + (-1 - -6) - (29 + -36)?
7
Evaluate (-6 - (-2 + -5)) + -11.
-10
Evaluate -26 + 16 - (-10 - 22).
22
What is the value of -68 - ((-34 - -18) + -19)?
-33
Calculate ((-2 - -2) + 0 - 2) + 249 + -223.
24
What is the value of 124 - 119 - ((4 - -1) + -20)?
20
What is 1 + 3 + 7 + -12 - -6?
5
What is the value of 14 - -6 - 12 - 14?
-6
Evaluate (-2 - 4) + -3 + 4 + 3 + -5.
-7
Calculate (-4 - 1 - 3) + (28 - 28).
-8
Evaluate -9 - (-23 + 27) - (6 - 5).
-14
What is (0 - (0 - 1)) + -10 + 9 - -6?
6
-12 + -14 + -17 + 32
-11
What is the value of -29 - 0 - (-11 - (2 - -2 - 6))?
-20
What is (-2 - -4) + 13 - (16 - 10) - 4?
5
12 - 3 - (22 + 1 + -6)
-8
10 + (47 - 8) + -36
13
Calculate 13 + -7 - -2 - (-5 + 3).
10
Evaluate (-8 - 3 - -1) + 7.
-3
8 + (11 - 2 - 5) - 3
9
(11 - 4) + -7 + (-3 - 4) - 2
-9
Calculate 1 + (7 + (0 - 7) - -5).
6
(-64 - (-37 - -19)) + 10 - (-1 + -7)
-28
Evaluate -21 + (31 - 19) + -8.
-17
Calculate 10 + -11 + -15 + (-5 - -9).
-12
Evaluate -1 - (-5 - 7 - (-32 - -44)).
23
Evaluate (-4 + 1 - (15 + -9 + 4)) + -3.
-16
Evaluate -76 + 68 - (-5 - 1) - 15.
-17
Evaluate 10 + -19 + 17 - (1 - -1).
6
Calculate -3 - (-7 - 0 - (-73 - -67)) - -15.
13
Calculate (3 - 7) + -25 + 24 - (-24 + 1).
18
Calculate (-19 - -16 - 3) + -19.
-25
Evaluate 2 + -23 + -6 + -9 + 19.
-17
What is 346 - 354 - ((1 - 2) + 16)?
-23
What is 14 + 0 - (7 - (6 + -1))?
12
What is -1 + 26 - (-8 + 5) - (-5 + 16)?
17
-28 + 13 + 6 + -3 + 3
-9
What is the value of (48 - (5 + 31)) + (-10 - 2)?
0
What is the value of -308 + 316 + (8 - 2 - 0) + 3?
17
Evaluate -4 + 9 + 3 + (0 - 11).
-3
Evaluate 2 - (-14 + -6 + (2 - -6)).
14
-13 - (-19 + 8 - 4)
2
Calculate 3 + -47 - (59 - 73).
-30
What is 10 + -5 + (-23 - -27)?
9
What is the value of 11 - (8 + -1 + 45 + -47 + -1)?
7
Evaluate 5 - ((127 - 139) + 0 + 2).
15
What is (-21 - -10) + 0 + 5 - (22 + 0)?
-28
Evaluate 7 - (-32 - -30 - (-1 + 1 - -2)).
11
Calculate 0 - (6 - (10 - (0 - -1)) - 5).
8
What is the value of 20 + 7 - 26 - -6?
7
Calculate 11 + -17 + -2 + 12 + 2.
6
Evaluate 5 + (30 + -42 - (5 - (0 + 3))).
-9
Evaluate -1 - -10 - (-1 + -4 - (-1 - 2)).
11
Calculate -26 + (-4 - -4) + 25.
-1
Evaluate (0 - -10) + -132 + 153.
31
What is the value of -2 - (0 - -1 - -3) - (45 + -30)?
-21
Evaluate 7 - (0 + (-3 - -2) - (-186 - -188)).
10
What is the value of 1 + 6 - 12 - -10?
5
7 - (96 - 42 - 32)
-15
What is 6 + (2 - 7) + (-20 - -33) + 7?
21
Evaluate (-1 - 15) + (9 - -6).
-1
Calculate -1 + (-39 - -44) + -21.
-17
(6 - 9) + 8 + -17 - -24
12
Evaluate 10 + -3 + -9 + 8.
6
Evaluate (-17 + 4 - (0 - 1)) + (443 - 398).
33
Calculate (12 + -10 + 12 - 12) + 4 + 32.
38
-11 + (50 - 32) - (2 + 5)
0
-12 + 10 + (-5 - (7 - 14)) + -5
-5
What is the value of -12 - (-14 - -11) - -4?
-5
What is (-9 + 1 - -3 - (-4 - 11)) + 6?
16
Evaluate -3 - (11 + -6 + -16).
8
1 + 3 + -9 + 12 + 5 + -1
11
What is the value of 8 + -6 + (-20 - -6 - -10)?
-2
Calculate (-19 - (20 - 13)) + 41.
15
What is -89 + 92 - (0 + -2) - 10?
-5
5 - ((-5 - -14 - -9 - -1) + 9)
-23
What is -12 - (0 - (25 + -13))?
0
Calculate -12 + 5 + -2 - -5.
-4
What is -7 - ((-21 + 9 - -6) + (2 - -2))?
-5
1 + -2 + (4 - 18) - (124 - 123)
-16
What is -7 + 28 - (14 + -2)?
9
What is the value of -14 + (7 - 3 - 3) + (-68 - -65)?
-16
Calculate 13 + (-3 - 4) + (-20 - (8 + -3)).
-19
What is the value of (2 - 12 - (-2 + 6)) + 7 + 7?
0
Evaluate (-27 - -12 - -8) + 4 + -8.
-11
What is the value of -14 + (-4 + 3 - (-6 + 3)) - -2?
-10
What is the value of 6 - -5 - (-1 + -8 - (-98 - -92))?
14
-3 + 3 - (9 + -4 + -16)
11
What is 2 + (5 - (8 + (-14 - -6)))?
7
What is the value of -30 - (-69 - (-15 - 24))?
0
What is the value of -8 - 1 - (1055 - 1060)?
-4
What is the value of -5 - -3 - -3 - (-12 - (9 - 16))?
6
What is 0 + 5 - (8 + 2) - (-51 - -58)?
-12
Calculate 2 + (3 - 18) + -11 + 13 + -1.
-12
Calculate 4 + (-2 - 0) + 5 - (-21 - -20).
8
Evaluate (-22 - -7) + 15 + (-1 - -2).
1
What is -7 + 5 + (8 - (9 + 4))?
-7
Evaluate 14 - (42 - (6 - -6)).
-16
Evaluate -7 - (-1 + 2 + 1 + (-67 - -42)).
16
Evaluate -13 - (13 + -2 + (36 - 33)).
-27
What is the value of -9 - (-11 - (-17 - -16))?
1
2 + (11 - 2) - (-9 - -10 - 1)
11
What is (3 - 1) + (-14 - -7) + -4?
-9
What is 2 + (-1 - (-3 + (2 - -6)))?
-4
What is the value of -1 - (0 + -7) - (1213 - 1219)?
12
What is the value of -7 + 1 + 3 - (1 - 4)?
0
What is -9 - (17 + -1 - 2 - (66 - 59))?
-16
What is 5 + 6 + (-6 - -2) - (14 - 1)?
-6
8 - (10 - 22 - -21) - 3
-4
What is 6 - (20 + (17 - 13))?
-18
Calculate 0 + 12 - (-9 - -28) - 3.
-10
(-47 - -34) + 2 + 9
-2
What is (-11 - -22) + -2 + 3?
12
What is (0 - 24) + -4 + 13?
-15
Evaluate (-41 - -62) + (4 - 12).
13
-30 - (-8 + -8) - -17
3
What is -10 - (-31 - -9) - 17?
-5
Calculate 9 + (-20 - 36) - -31.
-16
-75 + 79 + 8 + (-4 - -2)
